-2*z**3 + 2*z**2 + 2*z - 2. Let t(k) = h*u(k) + 8*f(k). Calculate t(2).
0
Let a(b) be the first derivative of b**6/120 - b**5/20 - b**4/12 + b**3/3 + 5*b**2/2 + 2. Let s(d) be the second derivative of a(d). What is s(3)?
-4
Let t(x) = x**2 - 4*x - 7. Let o be (-2)/8 - (-7)/(-4). Let u(y) = -y**3 - y**2 - 2*y - 2. Let q be u(o). What is t(q)?
5
Let d(t) = -7*t**2 + 4*t + 11. Let w(n) = -3*n**2 + 2*n + 5. Let g(v) = 2*d(v) - 5*w(v). Let k(i) = -i**2 - 12*i - 37. Let r be k(-5). Give g(r).
5
Let r(h) be the second derivative of -2*h**3/3 + 3*h**2/2 + 3*h. Calculate r(2).
-5
Suppose -15 = 6*d - 5*d. Let s = d - -10. Let z(j) be the third derivative of j**5/60 + 5*j**4/24 - j**3/2 - j**2. Determine z(s).
-3
Suppose v = 5 + 1. Let q = v + -5. Let t(j) be the first derivative of -j**2/2 - 1. Determine t(q).
-1
Let g(r) be the third derivative of -r**6/120 + r**5/12 - r**4/24 + 7*r**3/6 - r**2. Suppose 30 = 5*a + h, 5*a + 3*h - 61 = -21. What is g(a)?
2
Let l(m) = -m**2 - 5*m. Let k = 15 - 20. Calculate l(k).
0
Let z(g) be the first derivative of -g**5/40 - g**4/12 + g**3/3 + 1. Let i(w) be the third derivative of z(w). Give i(2).
-8
Suppose -5*g - 4*s = 32, 4*g - 14 = -2*s - 42. Let k(m) = m**2 + 7*m - 6. Let n be k(g). Let b(i) = -i**3 + i**2 + i - 2. Give b(n).
-4
Let x be (2 - 2)/(7 - 6). Let n(w) = w - 5. What is n(x)?
-5
Let n(o) = 3 + 3*o**2 + o**3 - 2*o**2 - 2*o + o - 6*o**2. Determine n(5).
-2
Let k(x) be the second derivative of -x**6/120 + x**5/120 + 5*x**4/12 + 5*x. Let n(d) be the third derivative of k(d). Determine n(1).
-5
Let j = -11 + 17. Let a be (-4)/(-2) - 1/(-1). Let b(h) = j*h + h**3 - 4*h - a*h + 2*h**2. Determine b(-3).
-6
Let u(i) = 7*i. Let q(r) = -1. Let a(x) = 3*q(x) - u(x). What is a(-2)?
11
Let x(n) = -4 + 7 + 4 - 2 + 3*n. Calculate x(-4).
-7
Let c(d) be the third derivative of d**4/24 + 11*d**3/6 - 19*d**2. Let y be (-1)/(2/(-42)*-3). What is c(y)?
4
Let q(z) = -141*z + 5*z**2 + z**3 + 141*z - 2. Give q(-2).
10
Let i be ((-2)/(-5))/((-3)/(-15)). Let b(u) = -17*u + 13*u - u**2 - i + u**3 - 2*u**2. What is b(4)?
-2
Let s(f) = -f + 9. Suppose -5*a + 4*z - 2*z = 0, -z = -2*a. Calculate s(a).
9
Let h = -65 + 60. Let a(t) = -1 + 1 - 3*t - 2. Let g(y) = 6*y + 5. Let n(j) = -7*a(j) - 4*g(j). What is n(h)?
9
Suppose -34 = -5*i - q, 0*i + 3*i + 4*q = 34. Suppose 0 = -2*j - 0*j + 2. Let h(m) = -5 + m + j + 0. Determine h(i).
2
Let a(f) = 2*f - 5. Suppose -5 - 3 = 2*j. What is a(j)?
-13
Let x(n) = n**3 + 4*n**2 + n - 1. Let q(b) = b**3 + 8*b**2 + 2*b + 13. Let i be q(-8). What is x(i)?
5
Let r be 5*(3 - 5)/(-2). Let x(t) be the second derivative of 1/12*t**4 - t - 5/6*t**3 + 0 + 3/2*t**2. What is x(r)?
3
Let u be (-26)/(-6) - (-2)/(-6). Let t(i) = -i**3 + 6*i**2 + 6*i + 9. Let b be t(7). Let k(q) = -q**3 + 2 - u + q**b + 0*q**2. Determine k(2).
-6
Let f be 13/39 - 16/3. Let c(a) = a - 3. Let g(j) = j. Let n(y) = c(y) - 2*g(y). Give n(f).
2
Let p(a) = a**3 - 5*a - 7. Let i be p(3). Let y(u) = u**3 - 5*u**2 + 2*u. Give y(i).
10
Let n(h) = -h**3 - 4*h**2 - 3*h - 3. Let u be n(-3). Let g be ((-12)/(-8))/((-3)/(-4)). Let o(y) = -4*y - g + y + 2*y. Calculate o(u).
1
Suppose 2*s + 0*s = 18. Let t = 7 - s. Let u(n) be the second derivative of n**4/6 + n**3/2 - 2*n. What is u(t)?
2
Let m(c) = -2*c - 12. Suppose 0 = 3*l - 2*l - 2*f + 16, -2*f - 34 = 4*l. Give m(l).
8
Let t(j) = 7*j + 2. Let c(y) = 15*y + 4. Let x(a) = -6*c(a) + 13*t(a). Suppose 3*z = o - 6, -5*o - 2*z - 3 = -6*o. Give x(o).
-1
Let g(s) = 7*s**2 - 2*s + 1. Let w(b) = -8*b**2 + 3*b - 2. Let m(x) = -4*g(x) - 3*w(x). Determine m(-2).
-12
Let j(o) = -3*o - 5. Let c be j(-3). Suppose 3*g = -2 - 1, -c = -s + 4*g. Let n(h) = -h**3 - 8. What is n(s)?
-8
Suppose -5*t - 16 = -t. Let z(c) = -c - 4. Let y(p) = p + 5. Let h(w) = t*y(w) - 5*z(w). Calculate h(3).
3
Suppose 0 = 4*x - 4*k + 28, x = 2*k + k - 13. Let f(g) = -2*g**2 - 4*g - 4. Calculate f(x).
-20
Suppose 0*q = q. Let b(f) = f**3 + f - 5. What is b(q)?
-5
Let h(c) = -c**3 - 2*c**2 + 3*c + 1. Suppose 3*l + 6 = 3*a - 3, 0 = l + 5. Let x = a - 0. Let r be x/5 - 13/5. Give h(r).
1
Let c(w) = -w - 6. Let k(v) = -v**2 + 2*v + 4. Let g be k(3). Let l(b) be the second derivative of -b**3/6 + b**2/2 + b. Let d be l(g). Determine c(d).
-6
Let z = 7 + -9. Let r = 4 + z. Let y(g) = -g + 2*g + 3*g**2 - 6*g**2 + r*g**2. What is y(0)?
0
Let z(l) = -l**2 - 8*l - 7. Let o(j) = -j**3 + j**2 - 5. Let d be o(0). What is z(d)?
8
Let h(b) = -11*b**3 + 26*b**2 - 7*b - 8. Let r(u) = 4*u**3 - 9*u**2 + 2*u + 3. Let c(l) = 3*h(l) + 8*r(l). Determine c(5).
0
Let g(u) be the third derivative of -u**5/20 - u**4/6 - u**3/3 - 4*u**2. Let k = -1 - 2. Give g(k).
-17
Let c(p) = -p**2 + 6*p - 1. Let j = -12 + 1. Let n = j + 16. Give c(n).
4
Let d = 105 - 313/3. Let i(s) be the first derivative of -3 - d*s**3 + 1/2*s**2 + 3*s - 1/4*s**4. Determine i(-3).
9
Let h = 0 - 2. Let u be (-326)/(-9) - h/(-9). Suppose 4*t = 4*m + u, 5*t + m - 41 = 5*m. Let x(r) = r**3 - 4*r**2 - 5*r + 4. Give x(t).
4
Let n(u) = -2*u + 7. Let i = -16 + 16. Let x be 3 - (i/(-1) - 3). What is n(x)?
-5
Suppose 0 = -5*s + 3*i - 4*i + 18, 0 = 2*s + 5*i + 2. Let t(w) = -2 + w + w**2 - 3 + s. Let v(o) = o + 4. Let j be v(-4). Determine t(j).
-1
Suppose 5*d + 14 = r + 74, 3*r - 5*d + 150 = 0. Let t be r/(-12) + (-2)/(-8). Let y(z) = -4 + 5*z + 0*z**3 - 1 + 3*z**2 - z**3. Calculate y(t).
-1
Let o(u) = -5 - 2*u - 4 - 2 + 2. Give o(-7).
5
Suppose -3*u + 6 = -u. Let s(k) = 5*k + 1 + u*k - 9*k. Let o be (-2)/3 + 26/(-6). Give s(o).
6
Let f(v) be the first derivative of v**5/120 - v**4/12 + v**3 - 3. Let a(k) be the third derivative of f(k). What is a(0)?
-2
Let o(v) = v**3 - 5*v**2 - 4*v - 6. Let f be o(6). Let w(x) = -x**2 + 7*x. Give w(f).
6
Let h be (-26)/(-7) - 14/(-49). Suppose 0 = -3*a + 2*z - 4 + 27, -z - h = 0. Let k(s) = s**2 - 5*s - 5. Give k(a).
-5
Let w(b) = b + 4. Let h = -10 + 14. Let o be (-6)/h + (-3)/6. Determine w(o).
2
Let o(x) be the first derivative of x**3/3 + 18. Suppose n + k + 3 = 0, 0*k = -2*n + 5*k + 22. Give o(n).
1
Let r = 8 + -11. Let o = 3 - r. Suppose 19 + o = 5*b. Let t(x) = -x**3 + 4*x**2 + 4*x + 1. Calculate t(b).
-4
Suppose 0 = 5*i + 20, 5*i + 12 = 3*r + 4. Let p(w) = 4*w**3 - 3*w**3 + 2*w + 5*w**2 + w. Give p(r).
4
Let s(n) be the second derivative of -n**4/12 + 2*n**3/3 + 3*n**2/2 - 50*n. Let d = -2 - -8. Let u be 3*(-1)/(d/(-8)). Give s(u).
3
Let c(x) be the second derivative of -x**5/20 + x**4/2 - x**3/6 + 7*x**2/2 - 6*x. What is c(6)?
1
Suppose -6 = -2*w + 4*w + 5*q, 5*w - 4*q - 51 = 0. Let y(j) = -j**2 + 7*j + 3. What is y(w)?
3
Let f be (-2 - -4)/((-1)/(-2)). Let x(u) = 1 - f*u - 3 - 3 + u**2 + 2. Calculate x(5).
2
Let d(i) be the second derivative of -1/6*i**3 + 0 + 2*i**2 - 9*i. Give d(2).
2
Let a(n) = n**2 + 4*n + 2. Let f(r) = 3*r**2 + 7*r + 4. Let j(z) = 5*a(z) - 2*f(z). What is j(6)?
2
Suppose 0 = -9*m + 4*m + 10. Let w(d) = 2*d**3 - m*d + 9*d - 6*d. What is w(1)?
3
Let b(z) = 2*z - 3. Suppose x = t, -2*x - 3*t = 11 + 9. What is b(x)?
-11
Let j(c) = -c**3 - 5*c**2 + c + 6. Let b be j(-5). Let g(k) = -k**2 - b + k - k - 2*k - 2*k. Calculate g(-3).
2
Let m(w) = w**2 + 2*w + 5. Suppose 0 = x + 5 - 1. Give m(x).
13
Let j(p) be the third derivative of p**5/60 - p**3/3 - p**2. Let h(b) be the second derivative of -b**3/2 + 3*b**2 - 7*b. Let z be h(2). Give j(z).
-2
Suppose h + 77 = 73. Let v(a) = -a**2 - 2*a + 2. Determine v(h).
-6
Suppose z = 1 - 4. Let x be (2/z)/(12/(-18)). Let w(g) = -2*g - x + 4 + 1 - 3. Calculate w(4).
-7
Let g = -13 - -8. Let d(b) = 2*b - 11. Let c(h) = -h + 10. Let o(i) = 3*c(i) + 2*d(i). Determine o(g).
3
Suppose 5*g = -2*a + 3*a - 14, -2*g + 8 = 3*a. Let i be (-32)/(-6) + (-12)/(-18). Let r(u) = i*u + 2 - 4*u - 4*u + 3*u. Calculate r(g).
0
Let s(k) = -11*k - 11*k - 9 + 26*k. Determine s(6).
15
Let i = 0 + 0. Let p be 2/(-9) + 38/9. Let n(g) = 0 - p - g**3 + 0*g**3. What is n(i)?
-4
Let d(r) = r**2 - 1. Let w(v) = v + 3. Let z be w(0). Suppose 2*m - m = z. Determine d(m).
8
Let i(t) = -t**2 + 4*t - 3. Suppose 0 = -5*w - 2*o + 11 + 11, w = 4*o. Calculate i(w).
-3
Let y(s) = 0 + 3 - s - 6 - 6. Give y(-9).
0
Let w be (-2)/(-10) + (-36)/(-45). Suppose -w + 25 = -4*q. Let v(g) = g**3 + 5*g**2 - 6*g - 8. What is v(q)?
-8
Let g(y) = -4*y**